15 - (12 + (-1 - -1))))).
-78
Evaluate -5 + -45 + 62 + -43.
-31
What is the value of 7 - 3 - -2 - -7 - (16 - 6)?
3
Calculate 1 + -118 + -39 + (-12 - (-69 - -29 - 1)).
-127
What is the value of -12 + -32 + 77 + -38 + (-1 - 4)?
-10
Evaluate (55 - 37) + (-96 - 1) - (8 + 0).
-87
-10 + (113 + -201 - (1 + -19)) - -20
-60
Calculate -16 - (0 - (-6 - ((7 + -13 - -1) + -4))).
-13
Calculate 164 + (-8 - 27) + -15 + (14 + -1 - 1).
126
Calculate (15 - (61 - (-29 - -10))) + 15.
-50
65 + -83 + -61 - (0 + -3 + 7 + 2)
-85
Calculate -10 + 9 + (3 - -2) - (-214 - -211) - 144.
-137
What is the value of (10 - (0 + 6)) + 5 + (16 - 35)?
-10
What is the value of (47 - 66 - (-11 - -7)) + 2 + 2?
-11
Evaluate -5 - -2 - -3 - -71 - (-107 + 94).
84
What is the value of 22 + (-3 - -2) + (-1212 - -1237)?
46
Evaluate 43 - (13 - -4) - (8 + -36 - 8).
62
What is 1 + 12 + (-53 + 30 + -24 - 6)?
-40
Evaluate -1 + 13 - (-221 + 285 + 44 + 8).
-104
What is (-8 - -10) + (0 - (33 + -23) - (-1 + 78))?
-85
What is the value of (1 - 28) + (15 - 10) + 50?
28
What is -63 - (-69 - 28) - (140 + -3)?
-103
Evaluate 59 - (-31 + (-21 - (-62 + 36))).
85
What is the value of 5 + -2 + -7 + (-20 - (4 + -14)) + 22?
8
Calculate -82 + (-14 - -83 - 50).
-63
What is -53 - -39 - -25 - ((4 - 0) + -7)?
14
Evaluate 2 - -96 - (-1261 + 1330).
29
Evaluate (-263 - -271) + (5 + -14 + 5 - 6).
-2
42 + -32 + (-7 - -4) + -20 + 9
-4
What is the value of -77 + (76 - (-4 - -67))?
-64
(-15 + -8 - -14 - (-10 + 2)) + -29
-30
2 - ((0 - -8) + (-122 - -107)) - 10
-1
Evaluate -12 + 28 + -17 + -2 + -1 + 21.
17
Calculate -9 - -8 - (-5 + 19) - -5 - 2.
-12
What is -42 + 0 + 0 + (-152 - (-242 + 98))?
-50
Calculate 9 + (-4 - (1 - -2)) + (-31 - -17 - -25).
13
9 - -1 - (-9 + (-19 - (-26 - 4) - -16))
-8
What is the value of 77 - 83 - (-40 - 6 - (-6 - -7))?
41
Calculate 465 + -461 + (0 - (-2 - -7) - 4) + 45.
40
-21 - (1 + -1 + -128 + 114 - -7)
-14
Evaluate 118 + -59 + -32 - 21.
6
(-12 - 35) + 11 + -8 + -3
-47
Evaluate (-53 - (-33 - -84)) + 144.
40
Calculate -21 + 0 - (-1103 + 1001).
81
62 + -2 + (26 - 9) + (-9 - -3)
71
What is the value of (21 - 40) + 10 - (12 - 76 - 11)?
66
What is (-34 - -38) + -8 - -16?
12
What is -10 + (0 + 8 - (-64 + 84))?
-22
Calculate 1 + 14 + -20 + 0 + (-4 - -9) + 25.
25
0 + -1 - (-68 - (-47 - 49))
-29
What is the value of -25 + 0 - ((-29 - 16) + 68)?
-48
-98 + 63 + (31 - 8 - 62)
-74
Evaluate -30 + 11 + -29 + -45 + 9.
-84
Evaluate (-1135 - -1069) + (2 - -107).
43
What is (-97 - 5) + (843 - 835)?
-94
(-2 - 0 - 8) + (-13 - (26 - (18 + -1)))
-32
What is the value of (-6 + -9 - (9 - (27 - 6))) + -13?
-16
Calculate -6 + 6 + 201 + -211.
-10
What is the value of -15 + 35 - 69 - -48?
-1
What is 15 + 16 + -19 + (-106 - (4 + -7))?
-91
(3 - -4) + -12 + 15 + (5 + 1 - -50)
66
Evaluate (8 + -13 - 1) + 77 + 170 + -194.
47
Calculate -100 + (-107 - -73) + (14 - -25).
-95
-99 - (-4 + 44 - (6 - (-10 + -7)))
-116
31 - ((32 - 5) + -28)
32
-5 - (13 + (28 - (4 + 22)))
-20
What is the value of 70 + -32 + (-5 + 4 + 9 - (-24 + 25))?
45
What is the value of (6 - (-2 + -2 + 6 + -32)) + -12?
24
Calculate 12 + 14 + 6 - -1 - -6.
39
What is the value of -2 - ((-1 - (-21 - -9) - -5) + 0)?
-18
Evaluate -1 - 36 - ((36 - 19) + -9 - 7).
-38
What is the value of (22 - 10) + -27 + 16 + -20 - 27?
-46
-23 + (52 - 62) + 4
-29
Evaluate (7957 - 7795) + (2 - 114).
50
Evaluate (3 - (22 - 7)) + 43 + -47 + -29 + -2.
-47
Evaluate 1 - 10 - (-94 + (-73 - -154)).
4
What is the value of -16 - (-115 + 89 - (5 + -1 + 4))?
18
What is (40 - 32) + -2 + -18 + 7 + 59?
54
What is the value of -25 - (-89 - (-168 - -59) - (139 - 1))?
93
What is -1 + -2 + 41 + (5 - (10 + -14) - 3)?
44
-178 + 7 + 22 + 83
-66
What is the value of (-256 - -115 - 88) + 131?
-98
What is the value of 90 - (-32 + 130) - (120 + 1) - 15?
-144
Evaluate -1 + -63 + 62 + -60.
-62
What is 4 - 1 - (-215 - -236 - (2 - -6)) - 32?
-42
9 + -28 + (20 - 10) - (0 + 6 + -96)
81
What is (5 + (-7 - 128) - (-167 - -157)) + -8?
-128
Evaluate -190 - -176 - (-48 + -2 + -5).
41
What is 5 + (-4 - ((33 - 37) + (7 - 2))) + 0?
0
Evaluate -40 + (-41 - (-186 + 118)).
-13
What is -101 + 38 + -5 + 10 + 3 + (-13 - -4)?
-64
-52 + 36 + 29 + 15
28
Evaluate 93 + -178 + (51 - 6).
-40
What is -64 + (9 - -1) + 5 + 8?
-41
Calculate (-2 - (45 + 3)) + (-25 + 7 - -32).
-36
Calculate -30 + 72 + (24 - 14) + 16.
68
What is the value of (-1 - (0 - (-2 + 0))) + (2692 - 2636)?
53
What is the value of -367 - -313 - (-3 - (-5 - 2) - 15)?
-43
75 + (32 - -65) + -269
-97
What is the value of 95 + (-97 - -32) + (-105 - 0)?
-75
What is the value of (1 - -78) + 3 + -4 - (-58 - 10 - -66)?
80
Evaluate -8 - ((-2 - 2) + (12 - -2)).
-18
(1 + 1 - -8) + 22 + (19 - (-24 + 89))
-14
(-4 - (8 + -6)) + (682 - 739)
-63
What is the value of 125 - 119 - (2 - -29)?
-25
What is 175 + -194 - (-22 - 0) - -46?
49
What is the value of 2 - (-6 + 21 + -34) - 61?
-40
Calculate 3 + 6 + -40 + 3 + (74 - 56) - -15.
5
What is 20 - -1 - ((95 - -112) + -168)?
-18
Calculate -350 + 329 + -44 + 3 - (-13 - 1).
-48
What is the value of -62 - ((54 - 84) + -53)?
21
What is the value of (434 - 394) + (-43 - 1)?
-4
What is the value of (7792 - 7792) + (19 - (-2 + 0))?
21
What is the value of (0 - 30 - (-316 - -307)) + -46?
-67
Calculate (-10 - -16) + -25 + -16 + 107.
72
18 - -35 - (20 - -14)
19
Calculate 23 - -1 - (42 - 28) - 8.
2
Evaluate 15 - (83 - 5 - 50).
-13
What is 35 - (53 + (-29 - -18)) - (3 - 79)?
69
What is the value of 53 + -25 - (2 - 15)?
41
111 - (-42 + 102) - 38
13
-15 + 33 + -7 - (-37 + 71)
-23
What is the value of (-1 - 77) + (106 + -75 - 18)?
-65
Calculate 17 - (-24 - (24 - 2)) - (15 - 1).
49
What is the value of (1 - -43) + -206 + (-146 - -267)?
-41
What is (-16 + 17 + 6 - (21 + 0) - -3) + -99?
-110
What is (53 - -1 - -1) + (-37 + 38 - 8) + 15?
63
Evaluate -35 - ((2 - 0) + -19) - -3.
-15
(-26 - 22) + (-5 - 5) - (-11 - -6)
-53
Evaluate (36 - (32 - -2 - 14)) + 80 + -3.
93
What is the value of 14 - (73 - (31 - 19 - 2 - 15))?
-64
What is the value of 14 - (62 - 76 - (-8 - -2))?
22
What is -59 + 114 + (4 - 73)?
-14
What is the value of 1 + -17 + 2 + (-378 - -368)?
-24
What is the value of -75 - (1983 + -2020 - (0 - 16))?
-54
Evaluate 0 + 13 + -11 + 13 + 103 + -20 + -13.
85
Evaluate (-30 - (1 + -24)) + (9 - 2) + 36.
36
Evaluate 10 + ((-9 - -8) + -16 - -30).
23
What is 11 + 0 - (-1 - 1 - (-368 + 349))?
-6
Evaluate (-2 - 12 - (250 + -260)) + -31.
-35
What is the value of (-3 - -3 - 3 - 21) + (-49 - (-63 + 8))?
-18
What is (-1 - (0 + -4 + 1 + -1)) + 38 + -28?
13
What is 22 - -1 - (707 - 700)?
16
Evaluate -13 + ((-2 - (3 + 3)) + 19 - -2) - 78.
-78
Calculate 4 - (-4 + -14) - -3 - -9.
34
Calculate -25 + (-19 - -38) + 24 + 17 + -63.
-28
What is 77 + -130 + 9 - -120?
76
What is 1125 + -1120 - (1 + -3 + (2 - 1 - -38))?
-32
Evaluate 10 - (-8 + 22 + -2).
-2
-19 - (-4 + 7) - (-71 - -39)
10
-2 + -3 + 46 - (2267 + -2183)
-43
What is 271 + -338 + -2 + 80?
11
-41 + (-28 - -14 - 6) - (20 + 0)
-81
43 - 31 - (36 + 7) - -20
-11
What is the value of 659 - 634 - (-18 + (-5 - -5))?
43
Evaluate -1 + (-30 - 21) - -46.
-6
What is the value of -801 + 781 - (2 + -78) - (22 - 2)?
36
What is the value of 10 + (0 - 15) + -105 + (21 - 16 - -7)?
-98
Calculate 13 + 3 + (3 - 7) - (-227 + (72 - -35)).
132
What is the value of -279 + 238 - (-12 + -96)?
67
What is (-23 - 8 - -60) + -48?
-19
What is 38 + (-10 - 11) - (16 + -2) - (0 + -1)?
4
What is the value of (39 - (42 + -11)) + (0 - 19 - 0)?
-11
Evaluate -4 + 0 + (61 + -46 - (15 - -63)).
-67
What is -47 + 13 + 21 - (-13 - (-3 - -1)) - 104?
-106
What is 20 + -61 - (77 - 162)?
44
Evaluate 17 + 21 + -84 - -86.
40
Calculate (-1 - (19 + -18)) + -2 + 14 - 27.
-17
-137 + 305 + -130 - (1 - 80)
117
What is -84 + -18 + 37 + (-16 - 1) + -19 + 5?
-96
Calculate (-43 - -2) + 321 + -315.
-35
0 + -28 - (5 - (-21 - (7 - (56 - 14))))
-19
Evaluate -1 + 0 - -14 - (5316 - 5257).
-46
What is the value of 6640 + -6710 - (0 - 86)?
16
What is the value of (9 + -18 - -19) + (3 - 2) + 42?
53
What is the value of 1654 - 1590 - (3 + 2 - 3)?
62
Evaluate 25 + -17 + 1 + (-10 - -12).
11
(0 - -5) + -9 + -13 + 15
-2
22 + -28 + (-5 - -1) + (21 - 9) - 12
-10
Evaluate 55 + -25 - -9 - (-134 - -91).
82
What is the value of -12 - (7 + -10 + -4 + 4 + -8) - -39?
38
What is -157 + 126 - -55 - (-18 - 0)?
42
Ev